{"id":774,"date":"2020-12-08T15:47:18","date_gmt":"2020-12-08T14:47:18","guid":{"rendered":"https:\/\/www.smsigna.com\/?page_id=774"},"modified":"2024-04-29T15:37:39","modified_gmt":"2024-04-29T13:37:39","slug":"abris-et-arceau-a-velo-mobilier-urbain-fabrication-pose","status":"publish","type":"page","link":"https:\/\/www.smsigna.com\/index.php\/abris-et-arceau-a-velo-mobilier-urbain-fabrication-pose\/","title":{"rendered":"Abris et arceau \u00e0 v\u00e9lo"},"content":{"rendered":"\t\t<div data-elementor-type=\"wp-page\" data-elementor-id=\"774\" class=\"elementor elementor-774\">\n\t\t\t\t\t\t<div class=\"elementor-inner\">\n\t\t\t\t<div class=\"elementor-section-wrap\">\n\t\t\t\t\t\t\t\t\t<section class=\"elementor-section elementor-top-section elementor-element elementor-element-c6c6995 elementor-section-stretched elementor-section-boxed elementor-section-height-default elementor-section-height-default\" data-id=\"c6c6995\" data-element_type=\"section\" data-settings=\"{&quot;stretch_section&quot;:&quot;section-stretched&quot;}\">\n\t\t\t\t\t\t<div class=\"elementor-container elementor-column-gap-default\">\n\t\t\t\t\t\t\t<div class=\"elementor-row\">\n\t\t\t\t\t<div class=\"elementor-column elementor-col-100 elementor-top-column elementor-element elementor-element-60e02f6\" data-id=\"60e02f6\" data-element_type=\"column\">\n\t\t\t<div class=\"elementor-column-wrap elementor-element-populated\">\n\t\t\t\t\t\t\t<div class=\"elementor-widget-wrap\">\n\t\t\t\t\t\t<div class=\"elementor-element elementor-element-510103e elementor-widget elementor-widget-text-editor\" data-id=\"510103e\" data-element_type=\"widget\" data-widget_type=\"text-editor.default\">\n\t\t\t\t<div class=\"elementor-widget-container\">\n\t\t\t\t\t\t\t\t<div class=\"elementor-text-editor elementor-clearfix\">\n\t\t\t\t<p>(Arceau v\u00e9lo &#8211; mobilier urbain &#8211; fabrication pose) Pour pouvoir remplir son r\u00f4le de garde-corps urbain (s\u00e9curiser au maximum les trottoirs et autres bord de voirie pour les pi\u00e9tons), ces \u00e9quipements doivent \u00eatre de grande qualit\u00e9. Ils doivent r\u00e9sister \u00e0 la fois aux \u00e9ventuels chocs et accidents de v\u00e9hicule, ainsi qu\u2019aux intemp\u00e9ries.<\/p>\t\t\t\t\t<\/div>\n\t\t\t\t\t\t<\/div>\n\t\t\t\t<\/div>\n\t\t\t\t\t\t<\/div>\n\t\t\t\t\t<\/div>\n\t\t<\/div>\n\t\t\t\t\t\t\t\t<\/div>\n\t\t\t\t\t<\/div>\n\t\t<\/section>\n\t\t\t\t<section class=\"elementor-section elementor-top-section elementor-element elementor-element-21a3afa1 elementor-section-stretched elementor-section-boxed elementor-section-height-default elementor-section-height-default\" data-id=\"21a3afa1\" data-element_type=\"section\" data-settings=\"{&quot;background_background&quot;:&quot;classic&quot;,&quot;stretch_section&quot;:&quot;section-stretched&quot;}\">\n\t\t\t\t\t\t<div class=\"elementor-container elementor-column-gap-no\">\n\t\t\t\t\t\t\t<div class=\"elementor-row\">\n\t\t\t\t\t<div class=\"elementor-column elementor-col-100 elementor-top-column elementor-element elementor-element-653728c9\" data-id=\"653728c9\" data-element_type=\"column\">\n\t\t\t<div class=\"elementor-column-wrap elementor-element-populated\">\n\t\t\t\t\t\t\t<div class=\"elementor-widget-wrap\">\n\t\t\t\t\t\t<section class=\"elementor-section elementor-inner-section elementor-element elementor-element-187d1d7e elementor-section-content-middle elementor-section-boxed elementor-section-height-default elementor-section-height-default\" data-id=\"187d1d7e\" data-element_type=\"section\">\n\t\t\t\t\t\t<div class=\"elementor-container elementor-column-gap-no\">\n\t\t\t\t\t\t\t<div class=\"elementor-row\">\n\t\t\t\t\t<div class=\"elementor-column elementor-col-50 elementor-inner-column elementor-element elementor-element-1522580d\" data-id=\"1522580d\" data-element_type=\"column\" data-settings=\"{&quot;background_background&quot;:&quot;classic&quot;}\">\n\t\t\t<div class=\"elementor-column-wrap elementor-element-populated\">\n\t\t\t\t\t\t\t<div class=\"elementor-widget-wrap\">\n\t\t\t\t\t\t<div class=\"elementor-element elementor-element-7a858436 elementor-widget elementor-widget-heading\" data-id=\"7a858436\" data-element_type=\"widget\" data-widget_type=\"heading.default\">\n\t\t\t\t<div class=\"elementor-widget-container\">\n\t\t\t<h3 class=\"elementor-heading-title elementor-size-large\">Mat\u00e9riaux<\/h3>\t\t<\/div>\n\t\t\t\t<\/div>\n\t\t\t\t<div class=\"elementor-element elementor-element-d32a079 elementor-widget-divider--view-line elementor-widget elementor-widget-divider\" data-id=\"d32a079\" data-element_type=\"widget\" data-widget_type=\"divider.default\">\n\t\t\t\t<div class=\"elementor-widget-container\">\n\t\t\t\t\t<div class=\"elementor-divider\">\n\t\t\t<span class=\"elementor-divider-separator\">\n\t\t\t\t\t\t<\/span>\n\t\t<\/div>\n\t\t\t\t<\/div>\n\t\t\t\t<\/div>\n\t\t\t\t<div class=\"elementor-element elementor-element-4f15726d elementor-widget elementor-widget-text-editor\" data-id=\"4f15726d\" data-element_type=\"widget\" data-widget_type=\"text-editor.default\">\n\t\t\t\t<div class=\"elementor-widget-container\">\n\t\t\t\t\t\t\t\t<div class=\"elementor-text-editor elementor-clearfix\">\n\t\t\t\t<p>Les mat\u00e9riaux utilis\u00e9s pour la fabrication de ces rambardes en acier galvanis\u00e9 sont robustes et la technique d\u2019assemblage de la structure renforce cette solidit\u00e9.<\/p>\t\t\t\t\t<\/div>\n\t\t\t\t\t\t<\/div>\n\t\t\t\t<\/div>\n\t\t\t\t\t\t<\/div>\n\t\t\t\t\t<\/div>\n\t\t<\/div>\n\t\t\t\t<div class=\"elementor-column elementor-col-50 elementor-inner-column elementor-element elementor-element-3c938927\" data-id=\"3c938927\" data-element_type=\"column\" data-settings=\"{&quot;background_background&quot;:&quot;classic&quot;}\">\n\t\t\t<div class=\"elementor-column-wrap elementor-element-populated\">\n\t\t\t\t\t\t\t<div class=\"elementor-widget-wrap\">\n\t\t\t\t\t\t<div class=\"elementor-element elementor-element-3731fec0 elementor-widget elementor-widget-spacer\" data-id=\"3731fec0\" data-element_type=\"widget\" data-widget_type=\"spacer.default\">\n\t\t\t\t<div class=\"elementor-widget-container\">\n\t\t\t\t\t<div class=\"elementor-spacer\">\n\t\t\t<div class=\"elementor-spacer-inner\"><\/div>\n\t\t<\/div>\n\t\t\t\t<\/div>\n\t\t\t\t<\/div>\n\t\t\t\t\t\t<\/div>\n\t\t\t\t\t<\/div>\n\t\t<\/div>\n\t\t\t\t\t\t\t\t<\/div>\n\t\t\t\t\t<\/div>\n\t\t<\/section>\n\t\t\t\t\t\t<\/div>\n\t\t\t\t\t<\/div>\n\t\t<\/div>\n\t\t\t\t\t\t\t\t<\/div>\n\t\t\t\t\t<\/div>\n\t\t<\/section>\n\t\t\t\t\t\t\t\t\t<\/div>\n\t\t\t<\/div>\n\t\t\t\t\t<\/div>\n\t\t","protected":false},"excerpt":{"rendered":"<p>Pour pouvoir remplir son r\u00f4le de garde-corps urbain (s\u00e9curiser au maximum les trottoirs et autres bord de voirie pour les pi\u00e9tons), ces [&hellip;]<\/p>\n","protected":false},"author":1,"featured_media":0,"parent":0,"menu_order":0,"comment_status":"closed","ping_status":"closed","template":"","meta":{"footnotes":""},"class_list":["post-774","page","type-page","status-publish","hentry"],"yoast_head":"<!-- This site is optimized with the Yoast SEO plugin v23.8 - https:\/\/yoast.com\/wordpress\/plugins\/seo\/ -->\n<title>Abris et arceau v\u00e9lo - mobilier urbain - fabrication pose \/ Soci\u00e9t\u00e9 moderne des signalisations<\/title>\n<meta name=\"description\" content=\"Abris et arceau v\u00e9lo - mobilier urbain - fabrication pose - Garde-corps urbain - mobilier urbain - s\u00e9curit\u00e9 ville - collectivit\u00e9 - bordeaux\" \/>\n<meta name=\"robots\" content=\"index, follow, max-snippet:-1, max-image-preview:large, max-video-preview:-1\" \/>\n<link rel=\"canonical\" href=\"https:\/\/www.smsigna.com\/index.php\/abris-et-arceau-a-velo-mobilier-urbain-fabrication-pose\/\" \/>\n<meta property=\"og:locale\" content=\"fr_FR\" \/>\n<meta property=\"og:type\" content=\"article\" \/>\n<meta property=\"og:title\" content=\"Abris et arceau v\u00e9lo - mobilier urbain - fabrication pose \/ Soci\u00e9t\u00e9 moderne des signalisations\" \/>\n<meta property=\"og:description\" content=\"Abris et arceau v\u00e9lo - mobilier urbain - fabrication pose - Garde-corps urbain - mobilier urbain - s\u00e9curit\u00e9 ville - collectivit\u00e9 - bordeaux\" \/>\n<meta property=\"og:url\" content=\"https:\/\/www.smsigna.com\/index.php\/abris-et-arceau-a-velo-mobilier-urbain-fabrication-pose\/\" \/>\n<meta property=\"og:site_name\" content=\"Soci\u00e9t\u00e9 moderne des signalisations\" \/>\n<meta property=\"article:modified_time\" content=\"2024-04-29T13:37:39+00:00\" \/>\n<meta property=\"og:image\" content=\"https:\/\/www.smsigna.com\/wp-content\/uploads\/2020\/12\/arceaux-velo-300x225.jpg\" \/>\n<meta name=\"twitter:card\" content=\"summary_large_image\" \/>\n<meta name=\"twitter:label1\" content=\"Dur\u00e9e de lecture estim\u00e9e\" \/>\n\t<meta name=\"twitter:data1\" content=\"1 minute\" \/>\n<script type=\"application\/ld+json\" class=\"yoast-schema-graph\">{\"@context\":\"https:\/\/schema.org\",\"@graph\":[{\"@type\":\"WebPage\",\"@id\":\"https:\/\/www.smsigna.com\/index.php\/abris-et-arceau-a-velo-mobilier-urbain-fabrication-pose\/\",\"url\":\"https:\/\/www.smsigna.com\/index.php\/abris-et-arceau-a-velo-mobilier-urbain-fabrication-pose\/\",\"name\":\"Abris et arceau v\u00e9lo - mobilier urbain - fabrication pose \/ Soci\u00e9t\u00e9 moderne des signalisations\",\"isPartOf\":{\"@id\":\"https:\/\/www.smsigna.com\/#website\"},\"primaryImageOfPage\":{\"@id\":\"https:\/\/www.smsigna.com\/index.php\/abris-et-arceau-a-velo-mobilier-urbain-fabrication-pose\/#primaryimage\"},\"image\":{\"@id\":\"https:\/\/www.smsigna.com\/index.php\/abris-et-arceau-a-velo-mobilier-urbain-fabrication-pose\/#primaryimage\"},\"thumbnailUrl\":\"https:\/\/www.smsigna.com\/wp-content\/uploads\/2020\/12\/arceaux-velo-300x225.jpg\",\"datePublished\":\"2020-12-08T14:47:18+00:00\",\"dateModified\":\"2024-04-29T13:37:39+00:00\",\"description\":\"Abris et arceau v\u00e9lo - mobilier urbain - fabrication pose - Garde-corps urbain - mobilier urbain - s\u00e9curit\u00e9 ville - collectivit\u00e9 - bordeaux\",\"breadcrumb\":{\"@id\":\"https:\/\/www.smsigna.com\/index.php\/abris-et-arceau-a-velo-mobilier-urbain-fabrication-pose\/#breadcrumb\"},\"inLanguage\":\"fr-FR\",\"potentialAction\":[{\"@type\":\"ReadAction\",\"target\":[\"https:\/\/www.smsigna.com\/index.php\/abris-et-arceau-a-velo-mobilier-urbain-fabrication-pose\/\"]}]},{\"@type\":\"ImageObject\",\"inLanguage\":\"fr-FR\",\"@id\":\"https:\/\/www.smsigna.com\/index.php\/abris-et-arceau-a-velo-mobilier-urbain-fabrication-pose\/#primaryimage\",\"url\":\"https:\/\/www.smsigna.com\/wp-content\/uploads\/2020\/12\/arceaux-velo-300x225.jpg\",\"contentUrl\":\"https:\/\/www.smsigna.com\/wp-content\/uploads\/2020\/12\/arceaux-velo-300x225.jpg\"},{\"@type\":\"BreadcrumbList\",\"@id\":\"https:\/\/www.smsigna.com\/index.php\/abris-et-arceau-a-velo-mobilier-urbain-fabrication-pose\/#breadcrumb\",\"itemListElement\":[{\"@type\":\"ListItem\",\"position\":1,\"name\":\"Accueil\",\"item\":\"https:\/\/www.smsigna.com\/\"},{\"@type\":\"ListItem\",\"position\":2,\"name\":\"Abris et arceau \u00e0 v\u00e9lo\"}]},{\"@type\":\"WebSite\",\"@id\":\"https:\/\/www.smsigna.com\/#website\",\"url\":\"https:\/\/www.smsigna.com\/\",\"name\":\"Soci\u00e9t\u00e9 moderne des signalisations\",\"description\":\"soci\u00e9t\u00e9 de signalisation\",\"publisher\":{\"@id\":\"https:\/\/www.smsigna.com\/#organization\"},\"potentialAction\":[{\"@type\":\"SearchAction\",\"target\":{\"@type\":\"EntryPoint\",\"urlTemplate\":\"https:\/\/www.smsigna.com\/?s={search_term_string}\"},\"query-input\":{\"@type\":\"PropertyValueSpecification\",\"valueRequired\":true,\"valueName\":\"search_term_string\"}}],\"inLanguage\":\"fr-FR\"},{\"@type\":\"Organization\",\"@id\":\"https:\/\/www.smsigna.com\/#organization\",\"name\":\"soci\u00e9t\u00e9 moderne des signalisations\",\"url\":\"https:\/\/www.smsigna.com\/\",\"logo\":{\"@type\":\"ImageObject\",\"inLanguage\":\"fr-FR\",\"@id\":\"https:\/\/www.smsigna.com\/#\/schema\/logo\/image\/\",\"url\":\"https:\/\/www.smsigna.com\/wp-content\/uploads\/2021\/01\/logo-rond-sms-2020.jpg\",\"contentUrl\":\"https:\/\/www.smsigna.com\/wp-content\/uploads\/2021\/01\/logo-rond-sms-2020.jpg\",\"width\":1499,\"height\":1306,\"caption\":\"soci\u00e9t\u00e9 moderne des signalisations\"},\"image\":{\"@id\":\"https:\/\/www.smsigna.com\/#\/schema\/logo\/image\/\"}}]}<\/script>\n<!-- \/ Yoast SEO plugin. -->","yoast_head_json":{"title":"Abris et arceau v\u00e9lo - mobilier urbain - fabrication pose \/ Soci\u00e9t\u00e9 moderne des signalisations","description":"Abris et arceau v\u00e9lo - mobilier urbain - fabrication pose - Garde-corps urbain - mobilier urbain - s\u00e9curit\u00e9 ville - collectivit\u00e9 - bordeaux","robots":{"index":"index","follow":"follow","max-snippet":"max-snippet:-1","max-image-preview":"max-image-preview:large","max-video-preview":"max-video-preview:-1"},"canonical":"https:\/\/www.smsigna.com\/index.php\/abris-et-arceau-a-velo-mobilier-urbain-fabrication-pose\/","og_locale":"fr_FR","og_type":"article","og_title":"Abris et arceau v\u00e9lo - mobilier urbain - fabrication pose \/ Soci\u00e9t\u00e9 moderne des signalisations","og_description":"Abris et arceau v\u00e9lo - mobilier urbain - fabrication pose - Garde-corps urbain - mobilier urbain - s\u00e9curit\u00e9 ville - collectivit\u00e9 - bordeaux","og_url":"https:\/\/www.smsigna.com\/index.php\/abris-et-arceau-a-velo-mobilier-urbain-fabrication-pose\/","og_site_name":"Soci\u00e9t\u00e9 moderne des signalisations","article_modified_time":"2024-04-29T13:37:39+00:00","og_image":[{"url":"https:\/\/www.smsigna.com\/wp-content\/uploads\/2020\/12\/arceaux-velo-300x225.jpg"}],"twitter_card":"summary_large_image","twitter_misc":{"Dur\u00e9e de lecture estim\u00e9e":"1 minute"},"schema":{"@context":"https:\/\/schema.org","@graph":[{"@type":"WebPage","@id":"https:\/\/www.smsigna.com\/index.php\/abris-et-arceau-a-velo-mobilier-urbain-fabrication-pose\/","url":"https:\/\/www.smsigna.com\/index.php\/abris-et-arceau-a-velo-mobilier-urbain-fabrication-pose\/","name":"Abris et arceau v\u00e9lo - mobilier urbain - fabrication pose \/ Soci\u00e9t\u00e9 moderne des signalisations","isPartOf":{"@id":"https:\/\/www.smsigna.com\/#website"},"primaryImageOfPage":{"@id":"https:\/\/www.smsigna.com\/index.php\/abris-et-arceau-a-velo-mobilier-urbain-fabrication-pose\/#primaryimage"},"image":{"@id":"https:\/\/www.smsigna.com\/index.php\/abris-et-arceau-a-velo-mobilier-urbain-fabrication-pose\/#primaryimage"},"thumbnailUrl":"https:\/\/www.smsigna.com\/wp-content\/uploads\/2020\/12\/arceaux-velo-300x225.jpg","datePublished":"2020-12-08T14:47:18+00:00","dateModified":"2024-04-29T13:37:39+00:00","description":"Abris et arceau v\u00e9lo - mobilier urbain - fabrication pose - Garde-corps urbain - mobilier urbain - s\u00e9curit\u00e9 ville - collectivit\u00e9 - bordeaux","breadcrumb":{"@id":"https:\/\/www.smsigna.com\/index.php\/abris-et-arceau-a-velo-mobilier-urbain-fabrication-pose\/#breadcrumb"},"inLanguage":"fr-FR","potentialAction":[{"@type":"ReadAction","target":["https:\/\/www.smsigna.com\/index.php\/abris-et-arceau-a-velo-mobilier-urbain-fabrication-pose\/"]}]},{"@type":"ImageObject","inLanguage":"fr-FR","@id":"https:\/\/www.smsigna.com\/index.php\/abris-et-arceau-a-velo-mobilier-urbain-fabrication-pose\/#primaryimage","url":"https:\/\/www.smsigna.com\/wp-content\/uploads\/2020\/12\/arceaux-velo-300x225.jpg","contentUrl":"https:\/\/www.smsigna.com\/wp-content\/uploads\/2020\/12\/arceaux-velo-300x225.jpg"},{"@type":"BreadcrumbList","@id":"https:\/\/www.smsigna.com\/index.php\/abris-et-arceau-a-velo-mobilier-urbain-fabrication-pose\/#breadcrumb","itemListElement":[{"@type":"ListItem","position":1,"name":"Accueil","item":"https:\/\/www.smsigna.com\/"},{"@type":"ListItem","position":2,"name":"Abris et arceau \u00e0 v\u00e9lo"}]},{"@type":"WebSite","@id":"https:\/\/www.smsigna.com\/#website","url":"https:\/\/www.smsigna.com\/","name":"Soci\u00e9t\u00e9 moderne des signalisations","description":"soci\u00e9t\u00e9 de signalisation","publisher":{"@id":"https:\/\/www.smsigna.com\/#organization"},"potentialAction":[{"@type":"SearchAction","target":{"@type":"EntryPoint","urlTemplate":"https:\/\/www.smsigna.com\/?s={search_term_string}"},"query-input":{"@type":"PropertyValueSpecification","valueRequired":true,"valueName":"search_term_string"}}],"inLanguage":"fr-FR"},{"@type":"Organization","@id":"https:\/\/www.smsigna.com\/#organization","name":"soci\u00e9t\u00e9 moderne des signalisations","url":"https:\/\/www.smsigna.com\/","logo":{"@type":"ImageObject","inLanguage":"fr-FR","@id":"https:\/\/www.smsigna.com\/#\/schema\/logo\/image\/","url":"https:\/\/www.smsigna.com\/wp-content\/uploads\/2021\/01\/logo-rond-sms-2020.jpg","contentUrl":"https:\/\/www.smsigna.com\/wp-content\/uploads\/2021\/01\/logo-rond-sms-2020.jpg","width":1499,"height":1306,"caption":"soci\u00e9t\u00e9 moderne des signalisations"},"image":{"@id":"https:\/\/www.smsigna.com\/#\/schema\/logo\/image\/"}}]}},"_links":{"self":[{"href":"https:\/\/www.smsigna.com\/index.php\/wp-json\/wp\/v2\/pages\/774","targetHints":{"allow":["GET"]}}],"collection":[{"href":"https:\/\/www.smsigna.com\/index.php\/wp-json\/wp\/v2\/pages"}],"about":[{"href":"https:\/\/www.smsigna.com\/index.php\/wp-json\/wp\/v2\/types\/page"}],"author":[{"embeddable":true,"href":"https:\/\/www.smsigna.com\/index.php\/wp-json\/wp\/v2\/users\/1"}],"replies":[{"embeddable":true,"href":"https:\/\/www.smsigna.com\/index.php\/wp-json\/wp\/v2\/comments?post=774"}],"version-history":[{"count":21,"href":"https:\/\/www.smsigna.com\/index.php\/wp-json\/wp\/v2\/pages\/774\/revisions"}],"predecessor-version":[{"id":3684,"href":"https:\/\/www.smsigna.com\/index.php\/wp-json\/wp\/v2\/pages\/774\/revisions\/3684"}],"wp:attachment":[{"href":"https:\/\/www.smsigna.com\/index.php\/wp-json\/wp\/v2\/media?parent=774"}],"curies":[{"name":"wp","href":"https:\/\/api.w.org\/{rel}","templated":true}]}}